t is the value of (10 + -2 - (-5 + 6)) + -4?
3
-7 + (5 - (18 - 4)) + 7 + -1
-10
Calculate (-26 - -33) + 1 + -18 + 3 + -1.
-8
What is the value of 3 + (-3 - 8) + 7 + -1 + 6?
4
What is -2 + -1 + 0 + 1 - 3 - -6?
1
4 + -4 + 5 - (-20 - (-7 - 0))
18
What is (-10 + 19 - 22) + 25 + 4?
16
Evaluate (-6 + -1 + 2 - -3 - -2) + 4.
4
(2 - -3) + (28 - 20 - (7 - -7))
-1
Calculate 5 + -17 + (-4 - -10) + 1.
-5
Calculate -7 + (68 + -63 - (0 - 0)).
-2
What is 101 + -102 - (5 + (1 - 0)) - -5?
-2
Evaluate (24 + -21 - 18) + 18.
3
Calculate 12 - (29 + -47) - 56.
-26
What is 1 + 9 + 8 + -17 + (1 - 25)?
-23
What is -5 - ((33 - -4) + -76)?
34
Calculate (10 - 4) + 6 + -8 + 4.
8
-17 + 11 + (4 - -4 - -8)
10
Evaluate (-10 - (2 - 17)) + (-4 - -5).
6
What is the value of 5 - (8 + (-1 - 7 - -28)) - 2?
-25
What is -5 - ((-23 - -35) + -34)?
17
-7 - (11 + -21 + 24 + -1 + -8)
-12
What is the value of 13 - (30 - 4) - -10?
-3
What is the value of 5 + (5 + -1 + 3 - 6)?
6
Calculate 5 - (28 - (3 + 9)) - -21.
10
Evaluate (-6 - (1 + 0 + -2)) + 10 - 10.
-5
Calculate 8 + 2 + -3 + 14 + (-6 - 1).
14
What is the value of 9 - (-12 + 20 + -4)?
5
What is (1 - 2) + 41 + -31 + -16?
-7
What is (5 - 12 - 13) + 13?
-7
Calculate 12 + -25 - (19 - 34).
2
(-4 - -31) + (41 - 60)
8
What is -10 - (1 + 2 + -7) - (-48 + 69)?
-27
What is the value of -19 + 50 - (6 + 1 + 3 + -1)?
22
Calculate -18 + 31 - (3 + 12).
-2
19 + -2 + (-7 - (33 + -50))
27
14 - (5 + -2) - (6 - (3 + 11))
19
Evaluate 16 + (33 + -46 - -10).
13
1 + 0 + 27 + -24 + (-2 - 4)
-2
17 + (1 - -5) + (82 - 93) + -2
10
8 + (2 - (7 + -2 - -8))
-3
What is 2 + -8 + -5 + (10 - 1) + -10?
-12
What is 21 + 0 + -85 + 74 - 25?
-15
-27 - -56 - 12 - (-19 + 1)
35
Calculate (144 - 131) + -9 + 1.
5
Evaluate 62 + -26 + (7 - 31).
12
What is the value of 17 - (-18 + 33) - (-33 + -5)?
40
Calculate 1 + 33 + -33 + -20.
-19
Evaluate (-3 - (-1 - -11)) + -3 + 5.
-11
Calculate 0 + (7 - 5) - (5 - (0 - -2)).
-1
What is -4 - -6 - (12 + 7 + -16)?
-1
Calculate 8 - (0 + 14) - (0 - -1) - -12.
5
What is (7 - (-5 - -38)) + (-5 - -10)?
-21
(3 - -1) + -12 + (0 + -2 - 6)
-16
Evaluate 0 - -4 - (7 + (-15 - (0 - 7))).
5
What is the value of 5 + 2 - (-44 - -57) - (1 + -4)?
-3
-9 + 20 + (4 - 15)
0
What is the value of -103 + 95 + (1 - 19)?
-26
Evaluate -5 + (-5 - (-1 - -7)) + 9.
-7
Evaluate 304 - 339 - (-10 - (0 + 0)).
-25
Calculate 35 - (-10 + 20) - 11.
14
Calculate -10 - -15 - ((-9 - -5) + (-2 - -3)).
8
-5 + (4 - -33) + 0 + 8 + -9
31
Calculate 186 + -211 + (14 - 1).
-12
What is the value of 0 + (0 - 4) - (-24 - (-55 - -28))?
-7
Evaluate (5 - -6) + (-10 - (-9 - -3)) + -4.
3
What is -25 + 27 + -25 + 24?
1
What is the value of (4 - (1 - 1)) + -1638 + 1654?
20
What is -3 + -1 + -12 + 14 + (-2 - -1)?
-3
(-7 - 3) + 38 + -16
12
Calculate 15 - (20 + -10) - (0 - -24).
-19
Calculate -2 + 0 - ((11 - (-14 - -46)) + -7).
26
What is -9 - (8 + 2 - (-36 + 38))?
-17
Evaluate 119 - 114 - ((2 - 0) + -11 + 1).
13
3 - (1 - -4) - (13 - 3 - 8)
-4
What is the value of -6 - -8 - 16 - (62 + -60)?
-16
-6 - (5 + -3 - -3) - 5
-16
(0 - 15 - (392 - 405)) + 9
7
What is the value of (-17 - -10) + (-5 + (12 - 6) - 1)?
-7
-5 + 13 + (0 - 16) - -16
8
14 + (-19 + 2 - -8) + 11 + -17
-1
Calculate -4 - (0 + 3 + (-9 - -11) - 0).
-9
Evaluate (-5 + -6 + 5 + 8 - 6) + 2.
-2
Evaluate -12 - -10 - -8 - (-2 + -3).
11
What is 0 + -4 + -2 + (-5 - -3)?
-8
What is -12 - (-9 + (-17 + 8 - 6))?
12
What is (0 + 3 - -1 - 2) + (24 - 31)?
-5
Evaluate -13 + -3 + (2 - (1 - (20 - 10))).
-5
Calculate 5 - (-5 + 1 + 23 - (9 + -5)).
-10
20 - (2 - ((20 - 30) + (6 - -1)))
15
Calculate 19 + 38 + -28 + (-4 - (1 + 3)).
21
Evaluate -8 - ((-45 - (8 + -19)) + 12).
14
What is the value of -12 - (-39 - (-8 + -10))?
9
Evaluate -3 + 2 + 2 + -7 + (83 - 80).
-3
(-24 - -16) + (8 - -3) - 1
2
-36 + 2 - (6 + -32)
-8
What is 3 + (-6 - -2) - (-33 + 28)?
4
Calculate (-31 - 1 - (-24 - -35)) + 14.
-29
What is -44 + (-15 + (6 - -16) - (2 - 4))?
-35
Evaluate -7 + -1 + -11 + 21.
2
-3 - ((2 - -12) + -7)
-10
Calculate (10 + -7 + 6 - (26 + 0)) + -9.
-26
Evaluate -6 + 2 + -3 + 11 + (3 - -3).
10
((5 - 3) + -2 - 1) + -2
-3
Calculate 7 + -3 + -13 + (-5 - (-13 + 22)).
-23
Calculate 17 + (-1 - 9 - (-29 + 23)).
13
What is -7 - (-31 + 7 + 21)?
-4
What is -67 - (-75 - (-3 - 41))?
-36
Evaluate -121 - -122 - (0 - 0) - 1.
0
(25 + -37 - -12) + 9
9
-10 + 1 + -6 + 14
-1
What is 6 - 2 - (-1 + -1 + (-5 - -8))?
3
What is 7 + (-5 + -1 - 3) + -4?
-6
(9 - 6 - (-1 - -2)) + -17 + 5
-10
What is the value of 1 + -10 + 13 + 2 + -14 + 3?
-5
What is the value of (-3 - ((-3 - -6) + 1) - -8) + -20?
-19
Evaluate -6 + 2 + 0 - (21 + -13 + -6).
-6
Evaluate (212 - 227) + -7 + -3 + -5.
-30
Calculate 24 + (12 - -4) + -29.
11
Evaluate 18 - (-10 + 11 + 15).
2
What is the value of (-36 - 29 - -33) + 32?
0
Calculate (20 - 12 - -21) + -26.
3
What is 14 - (9 + -5 - -17)?
-7
-34 + 10 + 3 + 9
-12
Evaluate (0 - (-9 - -4)) + -1 + 1.
5
What is 12 + (-4 - (-10 - -8)) - 2?
8
Calculate 0 + -12 + (6 - (-3 - 1)).
-2
Evaluate -16 + -15 + (8 - 4) + 12.
-15
Evaluate (8 - 1) + 14 + -6 + -4 + -7.
4
What is the value of 133 + -122 + (0 - 3)?
8
Calculate 13 - 15 - (-13 + 18 + (-9 - 0)).
2
-1 - 1 - (26 - (51 - 25))
-2
What is -10 - (-2 + 4 + (3 - 5))?
-10
What is -10 - 0 - (-12 + -6 - -17)?
-9
-1 + (4 - 9 - 12) - -6 - -4
-8
What is the value of 27 - (17 - 8 - -14)?
4
16 + (4 - 11) + 2
11
Evaluate (1 - 1) + -23 + -1406 + 1398.
-31
What is -8 + (-12 - -13) + -2 - 5 - 5?
-19
Evaluate 2 - ((-6 - (1 + -5) - 3) + 10).
-3
What is (1 - 7) + (-18 - (-1 - (10 + 22)))?
9
What is the value of 0 + (5 + 0 - (42 - 43)) + -2?
4
What is 15 + -8 + 2 - 8 - -5?
6
Calculate 619 + -622 + (1 - 0).
-2
Calculate -2 + 0 + 4 - (1 - 9).
10
What is -14 - -8 - (4 - (22 - (0 - -4)))?
8
What is the value of 20 - (-15 + 10 + 26)?
-1
What is (4 - 1) + (-13 - -19) + -16?
-7
Calculate 13 + (4 + -13 - (-8 - 2)) + 7.
21
10 - 24 - -9 - -15 - 41
-31
8 - 17 - (-3 + -10)
4
Evaluate (-9 - (13 + 8)) + 16.
-14
Calculate 2 - (-2 - (11 + (-2 - 7))).
6
Evaluate -83 + 78 + (-5 - 4) + (-8 - -5).
-17
-47 + 5 - (-7 - 23 - -25)
-37
((-2 - -1) + 3 - (-13 - -14)) + -5
-4
Calculate -18 + 25 + -13 + -2.
-8
Evaluate -26 + (1 - -10) + 18.
3
What is the value of -1 + 12 + -16 + 10 + -4?
1
What is -17 + -5 - (-6 - 17 - -13)?
-12
Calculate (-17 - (-31 + -18)) + -19.
13
What is (-101 - (-65 - -24)) + 29?
-31
What is 6 - 20 - (-4 + -1 + 6)?
-15
Calculate 14 + (-12 - -6 - (0 + 2 + -3)).
9
Calculate 2 - ((-8 - -6) + (-1 - (-10 + 10))).
5
What is 9 - ((6 - -34) + -16)?
-15
What is -7 - (-57 + 56 + (-3 + 6 - 12))?
3
What is the value of (25 - 39 - (3 - -35)) + 18?
-34
Calculate 5 + -2 + (-1 - (6 + 0)) + 3.
-1
Calculate 7 - (-16 + 6 + 16).
1
What is 17 + -57 + 29 + 19?
8
Evaluate 11 + -13 + 8 + (10 - 4).
12
What is -16 - ((-20 - -26) + -14)?
-8
(-8 - (-16 + 8)) + (-1 - -5)
4
Calculate -17 + (-2 - -8) + -2.
-13
Evaluate (-1 - -4 - 6) + 5 + -3 + 6.
5
What is the value of -15 - 14 - (-28 + 10)?
-11
Calculate (-14 - (-4 - -2)) + -48 + -5 + 52.
-13
(-22 - -17) + 2 + (-12 + 1 - -1)
-13
Evaluate (10 + -21 - -9 - (3 + -2)) + 35.
32
What is the value of 5 + -2 + 30 + -38?
-5
What is -12 - (-36 - (-30 + 19))?
13
Calculate -8 + -4 + 10 - (-33 - (0 + -4)).
27
What is the value of 2 - (58 + -65 + (0 - -4))?
5
What is 1 - (-5 - -5 - (-4 - -6 - 20))?
-17
What is the value of (-44 - (26 + -46)) + 44?
20
What is (12 - 29) + -10 - -6?
-21
What is the value of 2 - (47 + -26 - 16)?
-3
What is 2 - (-9 + (-3 - (3 + -5) - -1))?
11
What is the value of 26 + -23 - 14 - -11?
0
What is the value of 13 + -6 - 3 - 3 - (3 + -2)?
0
7 - (11 + -14 + (4 - 20))
26
-6 - (43 + -72) - -1
24
What is the value of (4 - 7) + 10 + -18 + 0?
-11
Evaluate -25 + (7 - 12) - ((-8 - -13) + -14).
-21
What is the value of 4 - -16 - 28 - (-3 + -3)?
-2
What is 30 - (6 - 18 - (-11 - 1) - -9)?
21
(0 - (3 - -5)) + 192 + -170
14
Calculate 12 + (9 - (-1 + 6) - (1 - -7)).
8
2 + -7 + (-3 - (-3 - -1))
-6
What is -1 + (-32 - (-7 - 25))?
-1
Calculate -5 + -4 + 1 + (-9 + -8 - -14).
-11
What is the value of 15 - 0 - (-1052 - -1067)?
0
What is the value of 1234 + -1215 - (8 + -1 + 0)?
12
0 - (52 - 59 - (5 + -16))
-4
What is (-12 - -2) + 36 + -1 + -6?
19
Calculate -5 + 29 + -18 - (4 - -16).
-14
17 + -11 + 14 - 8
12
Calculate 0 + 13 - (-45 + 51) - 14.
-7
Calculate -2 - (4 - (1